{"id":52,"date":"2021-03-20T13:27:27","date_gmt":"2021-03-20T12:27:27","guid":{"rendered":"http:\/\/mennonitisches-ferienheim.de\/wordpress\/?page_id=52"},"modified":"2025-12-30T17:41:13","modified_gmt":"2025-12-30T16:41:13","slug":"preise","status":"publish","type":"page","link":"https:\/\/mennonitisches-ferienheim.de\/?page_id=52","title":{"rendered":"Preise"},"content":{"rendered":"\n<figure class=\"wp-block-table\"><table class=\"has-fixed-layout\"><tbody><tr><td>Erwachsene<\/td><td>16,00 \u20ac<\/td><\/tr><tr><td>Kinder von 2 bis 6 Jahre<\/td><td>8,00 \u20ac<\/td><\/tr><tr><td>Tagesg\u00e4ste<\/td><td>7,00 \u20ac<\/td><\/tr><tr><td>Kleinkinder unter 2 Jahre<\/td><td>frei<\/td><\/tr><tr><td>Endreinigung<\/td><td>175,00 \u20ac<\/td><\/tr><\/tbody><\/table><\/figure>\n\n\n\n<p><em>Alle Preise inkl. 7% MwSt.<\/em><\/p>\n\n\n\n<p>Der <strong>Mindestpreis pro Nacht<\/strong> (exkl. Tagesg\u00e4ste und Endreinigung) betr\u00e4gt <strong>400 EUR<\/strong>. Sofern dieser Betrag durch die Anzahl der \u00dcbernachtungsg\u00e4ste nicht erreicht wird, wird die Differenz als Minderbelegungszuschlag berechnet.<\/p>\n\n\n\n<p>Das Heim ist an den Wochenenden f\u00fcr <strong>mindestens 2 N\u00e4chte<\/strong> zu buchen. Gebuchte Freizeiten, die nicht stattfinden k\u00f6nnen, m\u00fcssen <strong>sp\u00e4testens drei Monate vorher<\/strong> abgemeldet werden, da sonst <strong>Ausfallkosten in H\u00f6he von 400 EUR<\/strong> pro Nacht entstehen.<\/p>\n\n\n\n<h3 class=\"wp-block-heading\"><strong>Zus\u00e4tzliche Bedingungen<\/strong><\/h3>\n\n\n\n<ul class=\"wp-block-list\">\n<li>Standardm\u00e4\u00dfig ist die <strong>Anreise um 16 Uhr<\/strong> und die <strong>Abreise um 14 Uhr<\/strong>. Bei <span style=\"text-decoration: underline;\">Zeitabweichungen<\/span> geben Sie dies bei der Buchung mit an oder besprechen Sie dies mit den Heimverantwortlichen.<\/li>\n\n\n\n<li><strong>Sch\u00e4den am Haus und Inventar<\/strong> werden in Rechnung gestellt.<\/li>\n\n\n\n<li>F\u00fcr Kraftfahrzeuge, Wertsachen, selbstverschuldete oder aus Unachtsamkeit entstandene Unf\u00e4lle wird keine Haftung \u00fcbernommen.<\/li>\n\n\n\n<li>Kontrollen durch den Vermieter sind zwischen 09:00 und 21:00 Uhr zu akzeptieren.<\/li>\n\n\n\n<li>Der Hausmeister oder ein Beauftragter \u00fcben das Hausrecht im Auftrag des Tr\u00e4gervereins aus. Diese k\u00f6nnen bei Nichtbeachtung der Grundregeln ein Hausverbot aussprechen. Das Hausverbot wird m\u00fcndlich begr\u00fcndet.<\/li>\n<\/ul>\n\n\n\n<h2 class=\"wp-block-heading\"><strong>Endreinigung<\/strong><\/h2>\n\n\n\n<ol class=\"wp-block-list\">\n<li>Das Haus ist besenrein zu verlassen, die K\u00fcche muss gereinigt werden und gewischt werden.<\/li>\n\n\n\n<li>Bitte auch alle M\u00fcllbeh\u00e4lter leeren und dabei auf die M\u00fclltrennung achten.<\/li>\n\n\n\n<li>Die Hausreinigung \u00fcbernehmen wir vom Heim. Daf\u00fcr zahlt die Gruppe den aktuellen Satz von 175,- Euro.<\/li>\n<\/ol>\n\n\n\n<p>W\u00fcnsche und Anregungen f\u00fcr das Haus nehmen wir gerne entgegen.<br>Die Beachtung dieser Hausordnung wird sicherlich zu einem sch\u00f6nen Aufenthalt in unserem Haus beitragen. Da wir jeder Gruppe bzw. Klasse unser Haus weitgehend eigenverantwortlich zur Verf\u00fcgung stellen, bringen wir ihr gro\u00dfes Vertrauen entgegen.<br>Wir bitten, dieses Vertrauen durch Mitverantwortung und Sorgfalt gegen\u00fcber dem Haus und seinen Einrichtungen zu erwidern. Daf\u00fcr bedanken wir uns im Voraus.<\/p>\n\n\n\n<p>Der Vorstand<\/p>\n\n\n\n<p><\/p>\n\n\n\n<p><\/p>\n","protected":false},"excerpt":{"rendered":"<p>Erwachsene 16,00 \u20ac Kinder von 2 bis 6 Jahre 8,00 \u20ac Tagesg\u00e4ste 7,00 \u20ac Kleinkinder unter 2 Jahre frei Endreinigung 175,00 \u20ac [&hellip;]<\/p>\n","protected":false},"author":3,"featured_media":0,"parent":0,"menu_order":0,"comment_status":"closed","ping_status":"closed","template":"page-templates\/page_fullwidth.php","meta":{"footnotes":""},"class_list":["post-52","page","type-page","status-publish","hentry"],"_links":{"self":[{"href":"https:\/\/mennonitisches-ferienheim.de\/index.php?rest_route=\/wp\/v2\/pages\/52","targetHints":{"allow":["GET"]}}],"collection":[{"href":"https:\/\/mennonitisches-ferienheim.de\/index.php?rest_route=\/wp\/v2\/pages"}],"about":[{"href":"https:\/\/mennonitisches-ferienheim.de\/index.php?rest_route=\/wp\/v2\/types\/page"}],"author":[{"embeddable":true,"href":"https:\/\/mennonitisches-ferienheim.de\/index.php?rest_route=\/wp\/v2\/users\/3"}],"replies":[{"embeddable":true,"href":"https:\/\/mennonitisches-ferienheim.de\/index.php?rest_route=%2Fwp%2Fv2%2Fcomments&post=52"}],"version-history":[{"count":26,"href":"https:\/\/mennonitisches-ferienheim.de\/index.php?rest_route=\/wp\/v2\/pages\/52\/revisions"}],"predecessor-version":[{"id":867,"href":"https:\/\/mennonitisches-ferienheim.de\/index.php?rest_route=\/wp\/v2\/pages\/52\/revisions\/867"}],"wp:attachment":[{"href":"https:\/\/mennonitisches-ferienheim.de\/index.php?rest_route=%2Fwp%2Fv2%2Fmedia&parent=52"}],"curies":[{"name":"wp","href":"https:\/\/api.w.org\/{rel}","templated":true}]}}

<figure class="wp-block-table"><table class="has-fixed-layout"><tbody><tr><td>Erwachsene</td><td>16,00 €</td></tr><tr><td>Kinder von 2 bis 6 Jahre</td><td>8,00 €</td></tr><tr><td>Tagesgäste</td><td>7,00 €</td></tr><tr><td>Kleinkinder unter 2 Jahre</td><td>frei</td></tr><tr><td>Endreinigung</td><td>175,00 €</td></tr></tbody></table></figure>



<p><em>Alle Preise inkl. 7% MwSt.</em></p>



<p>Der <strong>Mindestpreis pro Nacht</strong> (exkl. Tagesgäste und Endreinigung) beträgt <strong>400 EUR</strong>. Sofern dieser Betrag durch die Anzahl der Übernachtungsgäste nicht erreicht wird, wird die Differenz als Minderbelegungszuschlag berechnet.</p>



<p>Das Heim ist an den Wochenenden für <strong>mindestens 2 Nächte</strong> zu buchen. Gebuchte Freizeiten, die nicht stattfinden können, müssen <strong>spätestens drei Monate vorher</strong> abgemeldet werden, da sonst <strong>Ausfallkosten in Höhe von 400 EUR</strong> pro Nacht entstehen.</p>



<h3 class="wp-block-heading"><strong>Zusätzliche Bedingungen</strong></h3>



<ul class="wp-block-list">
<li>Standardmäßig ist die <strong>Anreise um 16 Uhr</strong> und die <strong>Abreise um 14 Uhr</strong>. Bei <span style="text-decoration: underline;">Zeitabweichungen</span> geben Sie dies bei der Buchung mit an oder besprechen Sie dies mit den Heimverantwortlichen.</li>



<li><strong>Schäden am Haus und Inventar</strong> werden in Rechnung gestellt.</li>



<li>Für Kraftfahrzeuge, Wertsachen, selbstverschuldete oder aus Unachtsamkeit entstandene Unfälle wird keine Haftung übernommen.</li>



<li>Kontrollen durch den Vermieter sind zwischen 09:00 und 21:00 Uhr zu akzeptieren.</li>



<li>Der Hausmeister oder ein Beauftragter üben das Hausrecht im Auftrag des Trägervereins aus. Diese können bei Nichtbeachtung der Grundregeln ein Hausverbot aussprechen. Das Hausverbot wird mündlich begründet.</li>
</ul>



<h2 class="wp-block-heading"><strong>Endreinigung</strong></h2>



<ol class="wp-block-list">
<li>Das Haus ist besenrein zu verlassen, die Küche muss gereinigt werden und gewischt werden.</li>



<li>Bitte auch alle Müllbehälter leeren und dabei auf die Mülltrennung achten.</li>



<li>Die Hausreinigung übernehmen wir vom Heim. Dafür zahlt die Gruppe den aktuellen Satz von 175,- Euro.</li>
</ol>



<p>Wünsche und Anregungen für das Haus nehmen wir gerne entgegen.<br>Die Beachtung dieser Hausordnung wird sicherlich zu einem schönen Aufenthalt in unserem Haus beitragen. Da wir jeder Gruppe bzw. Klasse unser Haus weitgehend eigenverantwortlich zur Verfügung stellen, bringen wir ihr großes Vertrauen entgegen.<br>Wir bitten, dieses Vertrauen durch Mitverantwortung und Sorgfalt gegenüber dem Haus und seinen Einrichtungen zu erwidern. Dafür bedanken wir uns im Voraus.</p>



<p>Der Vorstand</p>



<p></p>



<p></p>

<p>Erwachsene 16,00 € Kinder von 2 bis 6 Jahre 8,00 € Tagesgäste 7,00 € Kleinkinder unter 2 Jahre frei Endreinigung 175,00 € [&hellip;]</p>
